1342220
In base 5, what is -2040 - -132223?
130133
In base 8, what is 1145 - 260?
665
In base 6, what is 1 - 231313?
-231312
In base 13, what is -7b010 - -4?
-7b009
In base 14, what is -1 - -67c9?
67c8
In base 15, what is 615 + -b9?
54b
In base 8, what is -36752 - -2?
-36750
In base 2, what is -1000111000000001100 + -100?
-1000111000000010000
In base 8, what is -3 + 2465700?
2465675
In base 13, what is 42ac0 - -7?
42ac7
In base 10, what is 37 + -638?
-601
In base 4, what is 330020 + -1111?
322303
In base 10, what is -4858 - -2?
-4856
In base 13, what is 3 + -130162?
-13015c
In base 5, what is -201344 + 214?
-201130
In base 3, what is -2010112 - -12102?
-1221010
In base 3, what is 2 - 21220022?
-21220020
In base 6, what is 4 + 25055033?
25055041
In base 12, what is -9b23 - 2?
-9b25
In base 6, what is 22202451 - -2?
22202453
In base 8, what is -10672 + -5?
-10677
In base 8, what is -633 + 6575?
5742
In base 12, what is 2 + a420b?
a4211
In base 2, what is -1111111111101 - 101?
-10000000000010
In base 12, what is 35b3 - 353?
3260
In base 11, what is 191 - 227a?
-2099
In base 15, what is 207 + a60?
c67
In base 5, what is -11332 - -31101?
14214
In base 9, what is -1 + -40486?
-40487
In base 12, what is 381 + -24?
359
In base 2, what is 1101010000010000 - -10?
1101010000010010
In base 11, what is -374 - -9a2?
629
In base 11, what is 517 + 313?
82a
In base 7, what is 141461 - -4?
141465
In base 12, what is 9712 + a?
9720
In base 16, what is 1496d - 2?
1496b
In base 4, what is 11101231 - -3?
11101300
In base 3, what is -120200200002 - 12?
-120200200021
In base 9, what is -140702 + 1?
-140701
In base 7, what is -5 - -144314?
144306
In base 7, what is 24 - 5303?
-5246
In base 6, what is 35040345 - -3?
35040352
In base 4, what is -1202223 + 3022?
-1133201
In base 9, what is 360187 + -5?
360182
In base 6, what is 1230 + -2140?
-510
In base 13, what is -3b - -277?
239
In base 14, what is -1469 + 34?
-1435
In base 7, what is 115 + -3231?
-3113
In base 8, what is -4 - 102761?
-102765
In base 2, what is -1001010101101000 - -1111?
-1001010101011001
In base 8, what is 3405 + 2235?
5642
In base 10, what is -8116 + -7?
-8123
In base 6, what is 545 - -1035?
2024
In base 3, what is 112002 + -1201202?
-1012200
In base 5, what is -10113 - 1321?
-11434
In base 12, what is 1056 + -2a?
1028
In base 5, what is -34104 - 24?
-34133
In base 13, what is -994a5 - -1?
-994a4
In base 7, what is 120 + -215?
-65
In base 8, what is -13127 - 61?
-13210
In base 12, what is 0 + 7911?
7911
In base 3, what is -122010100111 + -12?
-122010100200
In base 11, what is a5528 + -3?
a5525
In base 13, what is 41a + 7?
424
In base 11, what is -1 + -520a?
-5210
In base 12, what is -3899 - -321?
-3578
In base 11, what is 9 - -3655?
3663
In base 4, what is 31 + 2133030?
2133121
In base 4, what is -312211 - 312?
-313123
In base 11, what is -1 - 80710?
-80711
In base 5, what is -10 + -222110214?
-222110224
In base 9, what is -327 - -114?
-213
In base 9, what is 3636 - 16?
3620
In base 15, what is -ae13 + 2?
-ae11
In base 5, what is -34 + 1201034?
1201000
In base 9, what is -3 + -278247?
-278251
In base 12, what is 3 + 3970?
3973
In base 12, what is 478 + -117?
361
In base 4, what is -10 + 32212302?
32212232
In base 16, what is 1 + 8ec4?
8ec5
In base 6, what is 111514 - -343?
112301
In base 2, what is 101 - 10000011111111?
-10000011111010
In base 4, what is -13212002 + 0?
-13212002
In base 9, what is -83172 - -6?
-83165
In base 5, what is -1012140 + 3?
-1012132
In base 7, what is 3 - -11423623?
11423626
In base 7, what is 4 + 3264121?
3264125
In base 6, what is -4253 - 142?
-4435
In base 11, what is -3a - 14681?
-14710
In base 10, what is 6254 + 6?
6260
In base 10, what is 350810 - -2?
350812
In base 16, what is -6 - 3037?
-303d
In base 7, what is 5 - -2302024?
2302032
In base 3, what is -1 + 2010211200121?
2010211200120
In base 16, what is 4b + -e83a?
-e7ef
In base 3, what is -12 + -1000020120?
-1000020202
In base 16, what is -d - 38dd?
-38ea
In base 7, what is -11052164 - -3?
-11052161
In base 4, what is 33020231 - -210?
33021101
In base 7, what is 2 + 63242?
63244
In base 14, what is -400 - -397?
-47
In base 8, what is 141 + -17466?
-17325
In base 5, what is 4211 - -2224?
11440
In base 8, what is 4 + 23644?
23650
In base 4, what is -3311 + 3032?
-213
In base 5, what is -3 + 1400413?
1400410
In base 4, what is -1 - 232010?
-232011
In base 7, what is 3414023 - 12?
3414011
In base 10, what is 1 + 1227198?
1227199
In base 10, what is 5905 - -17?
5922
In base 11, what is -4 + -5438a0?
-5438a4
In base 15, what is 17d - 1785?
-1607
In base 8, what is -1 - -1366535?
1366534
In base 12, what is -288a67 - 2?
-288a69
In base 16, what is 4 - -1e66?
1e6a
In base 12, what is -3435 - 23?
-3458
In base 13, what is 7c + -187?
-108
In base 12, what is 454 - 264?
1b0
In base 6, what is 104 + -1312?
-1204
In base 15, what is -144a8 + 2?
-144a6
In base 4, what is -1031 + 121?
-310
In base 11, what is 330 - -46aa?
4a2a
In base 15, what is 18 + -36e?
-356
In base 8, what is 3 + -17437?
-17434
In base 2, what is 10100010011100110 - -11?
10100010011101001
In base 10, what is 3781 - 249?
3532
In base 13, what is 986427 + 2?
986429
In base 6, what is -24 - 1314?
-1342
In base 3, what is -11 - 111012120?
-111012201
In base 14, what is -a5 + 91ad?
9108
In base 15, what is -88 - -98?
10
In base 9, what is 1333758 - 3?
1333755
In base 5, what is -233220113 + -10?
-233220123
In base 11, what is -2964a5 + -4?
-2964a9
In base 9, what is -16527 - 17?
-16545
In base 11, what is -2 - 4a06?
-4a08
In base 11, what is -838 + a1?
-747
In base 5, what is 11 + -1331312?
-1331301
In base 8, what is -652 - -2660?
2006
In base 5, what is 0 + 310122?
310122
In base 16, what is 20a86 + -1?
20a85
In base 4, what is -230222 - -31?
-230131
In base 16, what is -4c - 5c0?
-60c
In base 15, what is -1 + -a807?
-a808
In base 2, what is 110010100 + -1101100?
100101000
In base 6, what is 12001 - -1050?
13051
In base 2, what is 10101111 - -1111?
10111110
In base 15, what is 1778a + 7?
17792
In base 4, what is -2000 + 22?
-1312
In base 5, what is -3 + 2130212?
2130204
In base 10, what is 9 + 840?
849
In base 3, what is 10 + 1000211112010?
1000211112020
In base 9, what is 2 + -22147?
-22145
In base 4, what is 13121 - 22?
13033
In base 4, what is 3 - -1023133?
1023202
In base 3, what is -1212220222 + -1100?
-1212222022
In base 14, what is -68 - -229?
1a1
In base 6, what is -1 - -1153413?
1153412
In base 13, what is -539 - -853?
317
In base 6, what is 12232 + -5?
12223
In base 15, what is -40156 + -6?
-4015c
In base 16, what is 100 - -7e3?
8e3
In base 10, what is -5 + -12143?
-12148
In base 12, what is -a362 + -43?
-a3a5
In base 15, what is -3e - 3c?
-7b
In base 14, what is 162b - -45?
1672
In base 3, what is 10001201 + 201?
10002102
In base 14, what is -1d0803 - -3?
-1d0800
In base 2, what is 11110100100100 - -10110?
11110100111010
In base 3, what is 2 + -222002002?
-222002000
In base 16, what is -144c1 + 5?
-144bc
In base 8, what is 477 + -77?
400
In base 11, what is -226 - 3260?
-3486
In base 12, what is -3 + -8a2b?
-8a32
In base 8, what is -123633 + -4?
-123637
In base 3, what is 211120 - -1010201?
1222021
In base 4, what is -21 + 1021110122?
1021110101
In base 2, what is -110101101101000 + 100000?
-110101101001000
In base 5, what is 3 - -23411330?
23411333
In base 9, what is 6 + -14228?
-14222
In base 8, what is -3557 - 5?
-3564
In base 12, what is -1049 + 2a?
-101b
In base 11, what is -7 - 26632a?
-266336
In base 5, what is -304 + -2243104?
-2243413
In base 3, what is 12122110 + 122?
12200002
In base 16, what is 3 + 134aa?
134ad
In base 3, what is 1 + 222000100010?
222000100011
In base 14, what is 0 + -2909?
-2909
In base 12, what is 14 - -731a1?
731b5
In base 10, what is -420830 - -4?
-420826
In base 3, what is -12 - -11011200011?
11011122222
In base 15, what is 1 + -a2973?
-a2972
In base 12, what is 7 - -50136?
50141
In base 13, what is -31162 + 0?
-31162
In base 14, what is -5 - -23d1?
23ca
In base 16, what is -15 - 2ee2?
-2ef7
In base 9, what is -1 - -1821747?
1821746
In base 7, what is 12 + -64?
-52
In base 4, what is -1103013303 - 10?
-1103013313
In base 10, what is -54 + 2148?
2094
In base 16, what is -d7e + 1f?
-d5f
In base 10, what is 18 + -